{"id":3,"date":"2024-11-07T13:30:36","date_gmt":"2024-11-07T13:30:36","guid":{"rendered":"https:\/\/ofertaslocarx.com.br\/gurupi\/?page_id=3"},"modified":"2024-12-12T21:55:27","modified_gmt":"2024-12-13T00:55:27","slug":"politica-de-cookies","status":"publish","type":"page","link":"https:\/\/ofertaslocarx.com.br\/vilavelha\/politica-de-cookies\/","title":{"rendered":"Pol\u00edtica de Cookies"},"content":{"rendered":"\t\t<div data-elementor-type=\"wp-page\" data-elementor-id=\"3\" class=\"elementor elementor-3\" data-elementor-post-type=\"page\">\n\t\t\t\t\t\t<section class=\"elementor-section elementor-top-section elementor-element elementor-element-d0df198 elementor-section-boxed elementor-section-height-default elementor-section-height-default\" data-id=\"d0df198\" data-element_type=\"section\" data-e-type=\"section\" data-settings=\"{&quot;background_background&quot;:&quot;classic&quot;}\">\n\t\t\t\t\t\t\t<div class=\"elementor-background-overlay\"><\/div>\n\t\t\t\t\t\t\t<div class=\"elementor-container elementor-column-gap-no\">\n\t\t\t\t\t<div class=\"elementor-column elementor-col-100 elementor-top-column elementor-element elementor-element-c7a2b56\" data-id=\"c7a2b56\" data-element_type=\"column\" data-e-type=\"column\">\n\t\t\t<div class=\"elementor-widget-wrap elementor-element-populated\">\n\t\t\t\t\t\t<section class=\"elementor-section elementor-inner-section elementor-element elementor-element-605e6ee elementor-section-boxed elementor-section-height-default elementor-section-height-default\" data-id=\"605e6ee\" data-element_type=\"section\" data-e-type=\"section\">\n\t\t\t\t\t\t<div class=\"elementor-container elementor-column-gap-no\">\n\t\t\t\t\t<div class=\"elementor-column elementor-col-100 elementor-inner-column elementor-element elementor-element-4ace97d\" data-id=\"4ace97d\" data-element_type=\"column\" data-e-type=\"column\">\n\t\t\t<div class=\"elementor-widget-wrap elementor-element-populated\">\n\t\t\t\t\t\t<div class=\"elementor-element elementor-element-d428c3c elementor-widget elementor-widget-heading\" data-id=\"d428c3c\" data-element_type=\"widget\" data-e-type=\"widget\" data-widget_type=\"heading.default\">\n\t\t\t\t<div class=\"elementor-widget-container\">\n\t\t\t\t\t<h2 class=\"elementor-heading-title elementor-size-default\">Pol\u00edtica de Cookies<\/h2>\t\t\t\t<\/div>\n\t\t\t\t<\/div>\n\t\t\t\t\t<\/div>\n\t\t<\/div>\n\t\t\t\t\t<\/div>\n\t\t<\/section>\n\t\t\t\t<section class=\"elementor-section elementor-inner-section elementor-element elementor-element-01eac5d elementor-section-boxed elementor-section-height-default elementor-section-height-default\" data-id=\"01eac5d\" data-element_type=\"section\" data-e-type=\"section\">\n\t\t\t\t\t\t<div class=\"elementor-container elementor-column-gap-no\">\n\t\t\t\t\t<div class=\"elementor-column elementor-col-100 elementor-inner-column elementor-element elementor-element-c1787ac\" data-id=\"c1787ac\" data-element_type=\"column\" data-e-type=\"column\">\n\t\t\t<div class=\"elementor-widget-wrap elementor-element-populated\">\n\t\t\t\t\t\t<div class=\"elementor-element elementor-element-40be430 elementor-icon-list--layout-inline elementor-align-center elementor-list-item-link-full_width elementor-widget elementor-widget-icon-list\" data-id=\"40be430\" data-element_type=\"widget\" data-e-type=\"widget\" data-widget_type=\"icon-list.default\">\n\t\t\t\t<div class=\"elementor-widget-container\">\n\t\t\t\t\t\t\t<ul class=\"elementor-icon-list-items elementor-inline-items\">\n\t\t\t\t\t\t\t<li class=\"elementor-icon-list-item elementor-inline-item\">\n\t\t\t\t\t\t\t\t\t\t\t<a href=\"https:\/\/ofertaslocarx.com.br\/vilavelha\/\">\n\n\t\t\t\t\t\t\t\t\t\t\t<span class=\"elementor-icon-list-text\">Home<\/span>\n\t\t\t\t\t\t\t\t\t\t\t<\/a>\n\t\t\t\t\t\t\t\t\t<\/li>\n\t\t\t\t\t\t\t\t<li class=\"elementor-icon-list-item elementor-inline-item\">\n\t\t\t\t\t\t\t\t\t\t\t<a href=\"https:\/\/ofertaslocarx.com.br\/vilavelha\/politica-de-cookies\">\n\n\t\t\t\t\t\t\t\t\t\t\t\t<span class=\"elementor-icon-list-icon\">\n\t\t\t\t\t\t\t<svg aria-hidden=\"true\" class=\"e-font-icon-svg e-fas-chevron-right\" viewBox=\"0 0 320 512\" xmlns=\"http:\/\/www.w3.org\/2000\/svg\"><path d=\"M285.476 272.971L91.132 467.314c-9.373 9.373-24.569 9.373-33.941 0l-22.667-22.667c-9.357-9.357-9.375-24.522-.04-33.901L188.505 256 34.484 101.255c-9.335-9.379-9.317-24.544.04-33.901l22.667-22.667c9.373-9.373 24.569-9.373 33.941 0L285.475 239.03c9.373 9.372 9.373 24.568.001 33.941z\"><\/path><\/svg>\t\t\t\t\t\t<\/span>\n\t\t\t\t\t\t\t\t\t\t<span class=\"elementor-icon-list-text\">Pol\u00edtica de Cookies<\/span>\n\t\t\t\t\t\t\t\t\t\t\t<\/a>\n\t\t\t\t\t\t\t\t\t<\/li>\n\t\t\t\t\t\t<\/ul>\n\t\t\t\t\t\t<\/div>\n\t\t\t\t<\/div>\n\t\t\t\t\t<\/div>\n\t\t<\/div>\n\t\t\t\t\t<\/div>\n\t\t<\/section>\n\t\t\t\t\t<\/div>\n\t\t<\/div>\n\t\t\t\t\t<\/div>\n\t\t<\/section>\n\t\t<div class=\"elementor-element elementor-element-323455d e-flex e-con-boxed e-con e-parent\" data-id=\"323455d\" data-element_type=\"container\" data-e-type=\"container\">\n\t\t\t\t\t<div class=\"e-con-inner\">\n\t\t\t\t<div class=\"elementor-element elementor-element-3935ba6 elementor-widget elementor-widget-text-editor\" data-id=\"3935ba6\" data-element_type=\"widget\" data-e-type=\"widget\" data-widget_type=\"text-editor.default\">\n\t\t\t\t<div class=\"elementor-widget-container\">\n\t\t\t\t\t\t\t\t\t<p data-sourcepos=\"3:1-3:254\">A LocarX utiliza cookies em seu website para melhorar a experi\u00eancia do usu\u00e1rio e oferecer servi\u00e7os personalizados. Esta pol\u00edtica explica o que s\u00e3o cookies, como os utilizamos, quais as suas op\u00e7\u00f5es e como a Lei Geral de Prote\u00e7\u00e3o de Dados (LGPD) se aplica.<\/p>\n<p data-sourcepos=\"5:1-5:28\"><strong><span class=\"citation-0\">O que s\u00e3o cookies?<\/span><\/strong><\/p>\n<p data-sourcepos=\"7:1-7:445\"><span class=\"citation-0 citation-end-0\">Cookies s\u00e3o pequenos arquivos de texto que s\u00e3o armazenados em seu dispositivo (computador, celular, tablet) quando voc\u00ea visita um<\/span> website. <span class=\"citation-1\">Eles permitem que o site se <\/span><span class=\"citation-1 citation-2 citation-end-1\">lembre de suas a\u00e7\u00f5es e prefer\u00eancias (como login, idioma, tamanho da fonte e outras prefer\u00eancias<\/span><span class=\"citation-2 citation-end-2\"> de exibi\u00e7\u00e3o) por um per\u00edodo de tempo, para que voc\u00ea n\u00e3o precise inseri-las<\/span> novamente sempre que retornar ao site ou navegar de uma p\u00e1gina para outra.<span class=\"button-container hide-from-message-actions ng-star-inserted\">\u00a0 \u00a0<\/span><\/p>\n<div class=\"container ng-tns-c2648202185-54 hide\">\n<div class=\"carousel-container ng-tns-c2648202185-54\">\n<div class=\"carousel-content ng-tns-c2648202185-54\">\n<div class=\"sources-carousel-source ng-tns-c2648202185-54 hide ng-star-inserted\" data-test-id=\"sources-carousel-source\"><strong>Como a LocarX usa cookies?<\/strong><\/div>\n<\/div>\n<\/div>\n<\/div>\n<p data-sourcepos=\"11:1-11:30\">A LocarX utiliza cookies para:<\/p>\n<ul data-sourcepos=\"13:1-17:0\">\n<li data-sourcepos=\"13:1-13:283\"><strong>Essencial:<\/strong> Cookies essenciais s\u00e3o necess\u00e1rios para o funcionamento do website, como permitir que voc\u00ea navegue pelas p\u00e1ginas e acesse \u00e1reas seguras. Esses cookies n\u00e3o coletam informa\u00e7\u00f5es sobre voc\u00ea que poderiam ser usadas para marketing ou para lembrar quais sites voc\u00ea visitou.<\/li>\n<li data-sourcepos=\"14:1-14:216\"><strong>Desempenho:<\/strong> Cookies de desempenho coletam informa\u00e7\u00f5es an\u00f4nimas sobre como os visitantes usam o site, como as p\u00e1ginas mais visitadas e se h\u00e1 mensagens de erro. Eles nos ajudam a melhorar o funcionamento do site.<\/li>\n<li data-sourcepos=\"15:1-15:184\"><strong>Funcionalidade:<\/strong> Cookies de funcionalidade permitem que o site se lembre de suas escolhas (como nome de usu\u00e1rio, idioma ou regi\u00e3o) e forne\u00e7a recursos aprimorados e personalizados.<\/li>\n<li data-sourcepos=\"16:1-17:0\"><strong>Marketing:<\/strong> Cookies de marketing s\u00e3o usados para rastrear visitantes em websites. A inten\u00e7\u00e3o \u00e9 exibir an\u00fancios <span class=\"citation-3 citation-end-3\">relevantes e interessantes para o usu\u00e1rio individual e, portanto, mais valiosos para editores e anunciantes terceirizados.<\/span><span class=\"button-container hide-from-message-actions ng-star-inserted\">\u00a0 \u00a0<\/span>\n<div class=\"container ng-tns-c2648202185-55 hide\">\n<div class=\"carousel-container ng-tns-c2648202185-55\">\n<div class=\"carousel-content ng-tns-c2648202185-55\">\n<div class=\"sources-carousel-source ng-tns-c2648202185-55 hide ng-star-inserted\" data-test-id=\"sources-carousel-source\">\u00a0<\/div>\n<\/div>\n<\/div>\n<\/div>\n<\/li>\n<\/ul>\n<p data-sourcepos=\"18:1-18:27\"><strong>Seus direitos e op\u00e7\u00f5es:<\/strong><\/p>\n<p data-sourcepos=\"20:1-20:35\">A LGPD garante a voc\u00ea o direito de:<\/p>\n<ul data-sourcepos=\"22:1-29:0\">\n<li data-sourcepos=\"22:1-22:157\"><strong>Confirmar a exist\u00eancia de tratamento de dados:<\/strong> Voc\u00ea pode solicitar informa\u00e7\u00f5es sobre se a LocarX est\u00e1 tratando seus dados pessoais por meio de cookies.<\/li>\n<li data-sourcepos=\"23:1-23:107\"><strong>Acessar seus dados:<\/strong> Voc\u00ea pode solicitar acesso aos seus dados pessoais coletados por meio de cookies.<\/li>\n<li data-sourcepos=\"24:1-24:107\"><strong>Corrigir dados incompletos, inexatos ou desatualizados:<\/strong> Voc\u00ea pode solicitar a corre\u00e7\u00e3o de seus dados.<\/li>\n<li data-sourcepos=\"25:1-25:235\"><strong>Anonimizar, bloquear ou eliminar dados desnecess\u00e1rios, excessivos ou tratados em desconformidade com a LGPD:<\/strong> Voc\u00ea pode solicitar a anonimiza\u00e7\u00e3o, bloqueio ou elimina\u00e7\u00e3o de dados que n\u00e3o estejam sendo tratados de acordo com a LGPD.<\/li>\n<li data-sourcepos=\"26:1-26:154\"><strong>Eliminar dados pessoais tratados com o seu consentimento:<\/strong> Voc\u00ea pode solicitar a elimina\u00e7\u00e3o de seus dados pessoais, exceto em casos previstos em lei.<\/li>\n<li data-sourcepos=\"27:1-27:179\"><strong>Obter informa\u00e7\u00f5es sobre as entidades p\u00fablicas e privadas com as quais a LocarX compartilhou seus dados:<\/strong> Voc\u00ea tem o direito de saber com quem seus dados foram compartilhados.<\/li>\n<li data-sourcepos=\"28:1-29:0\"><strong>Revogar o consentimento:<\/strong> Voc\u00ea pode revogar o seu consentimento para o uso de cookies a qualquer momento.<\/li>\n<\/ul>\n<p data-sourcepos=\"30:1-30:27\"><strong>Como gerenciar cookies:<\/strong><\/p>\n<p data-sourcepos=\"32:1-32:305\">Voc\u00ea pode gerenciar suas prefer\u00eancias de cookies diretamente nas configura\u00e7\u00f5es do seu navegador. Voc\u00ea pode optar por bloquear todos os cookies, aceitar apenas determinados tipos de cookies ou excluir cookies existentes. No entanto, observe que bloquear certos cookies pode afetar a funcionalidade do site.<\/p>\n<p data-sourcepos=\"34:1-34:40\"><strong>Atualiza\u00e7\u00f5es da Pol\u00edtica de Cookies:<\/strong><\/p>\n<p data-sourcepos=\"36:1-36:112\">Esta Pol\u00edtica de Cookies pode ser atualizada periodicamente. Quaisquer altera\u00e7\u00f5es ser\u00e3o publicadas nesta p\u00e1gina.<\/p>\n<p data-sourcepos=\"38:1-38:12\"><strong>Contato:<\/strong><\/p>\n<p data-sourcepos=\"40:1-40:130\">Se voc\u00ea tiver alguma d\u00favida sobre esta Pol\u00edtica de Cookies, entre em contato conosco atrav\u00e9s dos canais dispon\u00edveis em nosso site.<\/p>\n<p data-sourcepos=\"42:1-42:46\"><strong>\u00daltima atualiza\u00e7\u00e3o:<\/strong> 12 de dezembro de 2024<\/p>\t\t\t\t\t\t\t\t<\/div>\n\t\t\t\t<\/div>\n\t\t\t\t\t<\/div>\n\t\t\t\t<\/div>\n\t\t\t\t<\/div>\n\t\t","protected":false},"excerpt":{"rendered":"<p>Pol\u00edtica de Cookies Home Pol\u00edtica de Cookies A LocarX utiliza cookies em seu website para melhorar a experi\u00eancia do usu\u00e1rio e oferecer servi\u00e7os personalizados. Esta pol\u00edtica explica o que s\u00e3o cookies, como os utilizamos, quais as suas op\u00e7\u00f5es e como a Lei Geral de Prote\u00e7\u00e3o de Dados (LGPD) se aplica. O que s\u00e3o cookies? Cookies [&hellip;]<\/p>\n","protected":false},"author":1,"featured_media":0,"parent":0,"menu_order":0,"comment_status":"closed","ping_status":"closed","template":"elementor_header_footer","meta":{"footnotes":""},"class_list":["post-3","page","type-page","status-publish","hentry"],"yoast_head":"<!-- This site is optimized with the Yoast SEO plugin v25.9 - https:\/\/yoast.com\/wordpress\/plugins\/seo\/ -->\n<title>Pol\u00edtica de Cookies - LocarX<\/title>\n<meta name=\"robots\" content=\"index, follow, max-snippet:-1, max-image-preview:large, max-video-preview:-1\" \/>\n<link rel=\"canonical\" href=\"https:\/\/ofertaslocarx.com.br\/vilavelha\/politica-de-cookies\/\" \/>\n<meta property=\"og:locale\" content=\"pt_BR\" \/>\n<meta property=\"og:type\" content=\"article\" \/>\n<meta property=\"og:title\" content=\"Pol\u00edtica de Cookies - LocarX\" \/>\n<meta property=\"og:description\" content=\"Pol\u00edtica de Cookies Home Pol\u00edtica de Cookies A LocarX utiliza cookies em seu website para melhorar a experi\u00eancia do usu\u00e1rio e oferecer servi\u00e7os personalizados. Esta pol\u00edtica explica o que s\u00e3o cookies, como os utilizamos, quais as suas op\u00e7\u00f5es e como a Lei Geral de Prote\u00e7\u00e3o de Dados (LGPD) se aplica. O que s\u00e3o cookies? Cookies [&hellip;]\" \/>\n<meta property=\"og:url\" content=\"https:\/\/ofertaslocarx.com.br\/vilavelha\/politica-de-cookies\/\" \/>\n<meta property=\"og:site_name\" content=\"LocarX\" \/>\n<meta property=\"article:publisher\" content=\"https:\/\/www.facebook.com\/oficiallocarx\" \/>\n<meta property=\"article:modified_time\" content=\"2024-12-13T00:55:27+00:00\" \/>\n<meta name=\"twitter:card\" content=\"summary_large_image\" \/>\n<meta name=\"twitter:label1\" content=\"Est. tempo de leitura\" \/>\n\t<meta name=\"twitter:data1\" content=\"3 minutos\" \/>\n<script type=\"application\/ld+json\" class=\"yoast-schema-graph\">{\"@context\":\"https:\/\/schema.org\",\"@graph\":[{\"@type\":\"WebPage\",\"@id\":\"https:\/\/ofertaslocarx.com.br\/vilavelha\/politica-de-cookies\/\",\"url\":\"https:\/\/ofertaslocarx.com.br\/vilavelha\/politica-de-cookies\/\",\"name\":\"Pol\u00edtica de Cookies - LocarX\",\"isPartOf\":{\"@id\":\"https:\/\/ofertaslocarx.com.br\/vilavelha\/#website\"},\"datePublished\":\"2024-11-07T13:30:36+00:00\",\"dateModified\":\"2024-12-13T00:55:27+00:00\",\"breadcrumb\":{\"@id\":\"https:\/\/ofertaslocarx.com.br\/vilavelha\/politica-de-cookies\/#breadcrumb\"},\"inLanguage\":\"pt-BR\",\"potentialAction\":[{\"@type\":\"ReadAction\",\"target\":[\"https:\/\/ofertaslocarx.com.br\/vilavelha\/politica-de-cookies\/\"]}]},{\"@type\":\"BreadcrumbList\",\"@id\":\"https:\/\/ofertaslocarx.com.br\/vilavelha\/politica-de-cookies\/#breadcrumb\",\"itemListElement\":[{\"@type\":\"ListItem\",\"position\":1,\"name\":\"In\u00edcio\",\"item\":\"https:\/\/ofertaslocarx.com.br\/vilavelha\/\"},{\"@type\":\"ListItem\",\"position\":2,\"name\":\"Pol\u00edtica de Cookies\"}]},{\"@type\":\"WebSite\",\"@id\":\"https:\/\/ofertaslocarx.com.br\/vilavelha\/#website\",\"url\":\"https:\/\/ofertaslocarx.com.br\/vilavelha\/\",\"name\":\"LocarX\",\"description\":\"Aluguel de Carros\",\"publisher\":{\"@id\":\"https:\/\/ofertaslocarx.com.br\/vilavelha\/#organization\"},\"potentialAction\":[{\"@type\":\"SearchAction\",\"target\":{\"@type\":\"EntryPoint\",\"urlTemplate\":\"https:\/\/ofertaslocarx.com.br\/vilavelha\/?s={search_term_string}\"},\"query-input\":{\"@type\":\"PropertyValueSpecification\",\"valueRequired\":true,\"valueName\":\"search_term_string\"}}],\"inLanguage\":\"pt-BR\"},{\"@type\":\"Organization\",\"@id\":\"https:\/\/ofertaslocarx.com.br\/vilavelha\/#organization\",\"name\":\"LocarX\",\"url\":\"https:\/\/ofertaslocarx.com.br\/vilavelha\/\",\"logo\":{\"@type\":\"ImageObject\",\"inLanguage\":\"pt-BR\",\"@id\":\"https:\/\/ofertaslocarx.com.br\/vilavelha\/#\/schema\/logo\/image\/\",\"url\":\"https:\/\/ofertaslocarx.com.br\/vilavelha\/wp-content\/uploads\/2024\/12\/logo-original-png-e1685390509933.png\",\"contentUrl\":\"https:\/\/ofertaslocarx.com.br\/vilavelha\/wp-content\/uploads\/2024\/12\/logo-original-png-e1685390509933.png\",\"width\":350,\"height\":138,\"caption\":\"LocarX\"},\"image\":{\"@id\":\"https:\/\/ofertaslocarx.com.br\/vilavelha\/#\/schema\/logo\/image\/\"},\"sameAs\":[\"https:\/\/www.facebook.com\/oficiallocarx\"]}]}<\/script>\n<!-- \/ Yoast SEO plugin. -->","yoast_head_json":{"title":"Pol\u00edtica de Cookies - LocarX","robots":{"index":"index","follow":"follow","max-snippet":"max-snippet:-1","max-image-preview":"max-image-preview:large","max-video-preview":"max-video-preview:-1"},"canonical":"https:\/\/ofertaslocarx.com.br\/vilavelha\/politica-de-cookies\/","og_locale":"pt_BR","og_type":"article","og_title":"Pol\u00edtica de Cookies - LocarX","og_description":"Pol\u00edtica de Cookies Home Pol\u00edtica de Cookies A LocarX utiliza cookies em seu website para melhorar a experi\u00eancia do usu\u00e1rio e oferecer servi\u00e7os personalizados. Esta pol\u00edtica explica o que s\u00e3o cookies, como os utilizamos, quais as suas op\u00e7\u00f5es e como a Lei Geral de Prote\u00e7\u00e3o de Dados (LGPD) se aplica. O que s\u00e3o cookies? Cookies [&hellip;]","og_url":"https:\/\/ofertaslocarx.com.br\/vilavelha\/politica-de-cookies\/","og_site_name":"LocarX","article_publisher":"https:\/\/www.facebook.com\/oficiallocarx","article_modified_time":"2024-12-13T00:55:27+00:00","twitter_card":"summary_large_image","twitter_misc":{"Est. tempo de leitura":"3 minutos"},"schema":{"@context":"https:\/\/schema.org","@graph":[{"@type":"WebPage","@id":"https:\/\/ofertaslocarx.com.br\/vilavelha\/politica-de-cookies\/","url":"https:\/\/ofertaslocarx.com.br\/vilavelha\/politica-de-cookies\/","name":"Pol\u00edtica de Cookies - LocarX","isPartOf":{"@id":"https:\/\/ofertaslocarx.com.br\/vilavelha\/#website"},"datePublished":"2024-11-07T13:30:36+00:00","dateModified":"2024-12-13T00:55:27+00:00","breadcrumb":{"@id":"https:\/\/ofertaslocarx.com.br\/vilavelha\/politica-de-cookies\/#breadcrumb"},"inLanguage":"pt-BR","potentialAction":[{"@type":"ReadAction","target":["https:\/\/ofertaslocarx.com.br\/vilavelha\/politica-de-cookies\/"]}]},{"@type":"BreadcrumbList","@id":"https:\/\/ofertaslocarx.com.br\/vilavelha\/politica-de-cookies\/#breadcrumb","itemListElement":[{"@type":"ListItem","position":1,"name":"In\u00edcio","item":"https:\/\/ofertaslocarx.com.br\/vilavelha\/"},{"@type":"ListItem","position":2,"name":"Pol\u00edtica de Cookies"}]},{"@type":"WebSite","@id":"https:\/\/ofertaslocarx.com.br\/vilavelha\/#website","url":"https:\/\/ofertaslocarx.com.br\/vilavelha\/","name":"LocarX","description":"Aluguel de Carros","publisher":{"@id":"https:\/\/ofertaslocarx.com.br\/vilavelha\/#organization"},"potentialAction":[{"@type":"SearchAction","target":{"@type":"EntryPoint","urlTemplate":"https:\/\/ofertaslocarx.com.br\/vilavelha\/?s={search_term_string}"},"query-input":{"@type":"PropertyValueSpecification","valueRequired":true,"valueName":"search_term_string"}}],"inLanguage":"pt-BR"},{"@type":"Organization","@id":"https:\/\/ofertaslocarx.com.br\/vilavelha\/#organization","name":"LocarX","url":"https:\/\/ofertaslocarx.com.br\/vilavelha\/","logo":{"@type":"ImageObject","inLanguage":"pt-BR","@id":"https:\/\/ofertaslocarx.com.br\/vilavelha\/#\/schema\/logo\/image\/","url":"https:\/\/ofertaslocarx.com.br\/vilavelha\/wp-content\/uploads\/2024\/12\/logo-original-png-e1685390509933.png","contentUrl":"https:\/\/ofertaslocarx.com.br\/vilavelha\/wp-content\/uploads\/2024\/12\/logo-original-png-e1685390509933.png","width":350,"height":138,"caption":"LocarX"},"image":{"@id":"https:\/\/ofertaslocarx.com.br\/vilavelha\/#\/schema\/logo\/image\/"},"sameAs":["https:\/\/www.facebook.com\/oficiallocarx"]}]}},"_links":{"self":[{"href":"https:\/\/ofertaslocarx.com.br\/vilavelha\/wp-json\/wp\/v2\/pages\/3","targetHints":{"allow":["GET"]}}],"collection":[{"href":"https:\/\/ofertaslocarx.com.br\/vilavelha\/wp-json\/wp\/v2\/pages"}],"about":[{"href":"https:\/\/ofertaslocarx.com.br\/vilavelha\/wp-json\/wp\/v2\/types\/page"}],"author":[{"embeddable":true,"href":"https:\/\/ofertaslocarx.com.br\/vilavelha\/wp-json\/wp\/v2\/users\/1"}],"replies":[{"embeddable":true,"href":"https:\/\/ofertaslocarx.com.br\/vilavelha\/wp-json\/wp\/v2\/comments?post=3"}],"version-history":[{"count":10,"href":"https:\/\/ofertaslocarx.com.br\/vilavelha\/wp-json\/wp\/v2\/pages\/3\/revisions"}],"predecessor-version":[{"id":672,"href":"https:\/\/ofertaslocarx.com.br\/vilavelha\/wp-json\/wp\/v2\/pages\/3\/revisions\/672"}],"wp:attachment":[{"href":"https:\/\/ofertaslocarx.com.br\/vilavelha\/wp-json\/wp\/v2\/media?parent=3"}],"curies":[{"name":"wp","href":"https:\/\/api.w.org\/{rel}","templated":true}]}}